k - 7. What is the remainder when 130 is divided by g(-5)?
31
Let l be (-3)/(-2) + (-42)/(-4). Suppose -5*v - l = -142. Calculate the remainder when v is divided by 9.
8
Let h(f) = 5*f - 32. Calculate the remainder when 312 is divided by h(19).
60
Let g be ((-8)/(-5))/(6/15). Suppose -2*p = -4*j - 4*p + 42, g*j - 57 = -5*p. What is the remainder when 15 is divided by j?
7
Calculate the remainder when (-147)/28*(-24)/2 is divided by 2 + -1*(-15 - -1).
15
Suppose -a - d + 6 = 0, 2*d = 5*a - d + 2. Suppose x - 3 = a. Suppose -4*q + 0*v - 3*v = 0, -5 = 5*q + x*v. What is the remainder when q is divided by 2?
1
Suppose -p = 4*r - 21, -4*r + 2*r - 138 = -4*p. Calculate the remainder when p is divided by 9.
6
Suppose i - 5*x - 31 = -2*i, 35 = 3*i - x. Let o = i + -3. Suppose b - 32 = -3*q + 11, 0 = -5*q + 4*b + 100. What is the remainder when q is divided by o?
7
Suppose -q + 6*q = 25. Suppose -l - b - 26 = -3*l, -3*l + 4*b = -39. What is the remainder when l is divided by q?
3
Suppose 0 = -2*j - 14 + 66. Calculate the remainder when 180 is divided by j.
24
Let p = 10 - 8. Suppose r = -p*r + 258. Calculate the remainder when r is divided by 22.
20
Suppose 0 = b - 4*s, -2*b + 7*s + 15 = 4*s. Suppose -a = b - 65. Calculate the remainder when a is divided by 18.
17
Let t = 297 - 203. Calculate the remainder when t is divided by 24.
22
Suppose 0*g + 30 = 5*g. Suppose 3*n + g = 168. What is the remainder when n is divided by 19?
16
Let p(k) = -k**2 - k + 4. Let r be p(0). Suppose z + y = r, -3*y - 2 = -2*z + 26. Calculate the remainder when 30 is divided by z.
6
Let p = 32 + 23. Calculate the remainder when p is divided by (-75)/(-6) + 15/10.
13
Suppose -a + 2*a - 8 = -2*n, -2*a - 3*n = -18. Calculate the remainder when 34 is divided by a.
10
Let x be (-1 + -1)/((-4)/248). Suppose -4*n = -x + 12. Suppose 0 = -3*l - 0*l + 30. Calculate the remainder when n is divided by l.
8
Let t(p) = -10*p - 1. What is the remainder when t(-6) is divided by -6 - -3 - (-14 - 4)?
14
Suppose -x - 90 = -2*o, 5*x + 21 - 1 = 0. Suppose -2*b = -35 - o. Calculate the remainder when b is divided by 20.
19
Let k be (8/(-6))/((-4)/30). Suppose k + 4 = 2*n. Calculate the remainder when 12 is divided by n.
5
Let r(x) = x**2 - x - 5. Let s(y) = -4*y + 3*y + 13 + 0*y. What is the remainder when r(-5) is divided by s(0)?
12
Suppose 3*d = 10*d - 343. What is the remainder when d is divided by 17?
15
Suppose -12 = 7*f - 4*f. What is the remainder when 20 is divided by f/18 - (-110)/9?
8
Suppose 0 = -5*w - 4*t - 44, 3*w + t = -t - 26. Let b = 12 + w. Let i = b - 3. Calculate the remainder when i is divided by 1.
0
Let q = 6 + 4. Suppose a - 2*o = q, 22 + 0 = 3*a - 4*o. Suppose a*k = -3*k + 70. What is the remainder when k is divided by 5?
4
Suppose -585 = -4*n - 93. What is the remainder when n is divided by 21?
18
Suppose 14 = 4*q - 10. Calculate the remainder when 16 is divided by q.
4
Let b(w) = -w**2 + 7*w + 13. Calculate the remainder when b(7) is divided by 7.
6
Let k be (-8)/(-5) + (-4)/(-10). Let c be (0 - (0 + k)) + 5. Suppose 5*r + 5*u = c*r + 7, -3*r - 1 = -4*u. Calculate the remainder when r is divided by 1.
0
Suppose -3*m + 5 + 16 = y, 2*y - 51 = -3*m. What is the remainder when 46 is divided by y?
16
Suppose -2*w - 5*x = 33, -2*x + 3 - 1 = -3*w. Let b = w + 10. Suppose 0 = -2*k - 2*h + 60, -b*k + 141 = -k + 2*h. What is the remainder when k is divided by 7?
6
Calculate the remainder when 435/10*6/9 is divided by 0/1 + 8 - -2.
9
Suppose -4*h - 2*l = -2*h - 190, -3*l = 2*h - 193. Suppose -h = -4*r - 8. Calculate the remainder when 11 is divided by (-7)/2*(-36)/r.
5
Let y(v) = -8*v. Let j be y(-1). Suppose -3*b + 113 = 4*z, 92 = 4*z - j*b + 4*b. What is the remainder when z is divided by 14?
12
Suppose f - 15 = -8. What is the remainder when 48 is divided by f?
6
Suppose 15*x + 42 = 837. What is the remainder when x is divided by 14?
11
Let w be (-2 + (4 - -2))/1. Let s = w + 0. Calculate the remainder when 9 is divided by s.
1
Let g = -3 + 5. Suppose g*t = t - 3. Let f(o) = 3*o**2 + 5*o + 4. What is the remainder when 47 is divided by f(t)?
15
Let m(g) = -g**3 - 8*g**2 + 8*g - 3. Let d be m(-9). Let a = 7 - d. What is the remainder when a is divided by 1?
0
What is the remainder when 6 is divided by (-6)/(1/2 + -2)?
2
Calculate the remainder when 2 is divided by 55/65 + 4/26.
0
Let f(s) = -s**3 - s**2 - s - 2. Let z be f(0). Let x = 5 + z. Calculate the remainder when x is divided by 2.
1
Suppose -4*q + 53 = b, q = -0*b + b + 17. Calculate the remainder when 8 + -6 - 38*-1 is divided by q.
12
Calculate the remainder when (-112)/(-18) - 8/36 is divided by -8*2/(-4)*1.
2
Suppose -o = 3*o, 2*o = 4*r - 92. What is the remainder when r is divided by 230/18 + 2/9?
10
Let l(n) = -42*n**3 - n. Let h(b) = 39*b + 24. Let k(w) = 5*w + 3. Let p(d) = 4*h(d) - 33*k(d). Calculate the remainder when l(-1) is divided by p(-2).
13
Suppose 4*c + 6 = 2. Let l(a) = -2*a**3 - 8*a**2 + 8*a - 8. Let g(v) = v**3 + v**2. Let d(t) = c*g(t) - l(t). What is the remainder when 13 is divided by d(-8)?
5
Let c(x) be the third derivative of 1/6*x**3 + 0 - 1/24*x**4 + x**2 + 0*x. What is the remainder when 15 is divided by c(-7)?
7
Calculate the remainder when 3042/63 - 4/14 is divided by 14.
6
Suppose -3*l - 5*r + 106 = 0, -5*l - r - 4*r + 170 = 0. What is the remainder when 126 is divided by l?
30
Suppose -4*w = -5*o - 11 - 87, -w + 3*o = -28. Let q = -12 + w. Calculate the remainder when 37 is divided by q.
7
Let g(i) = -i**3 - 2*i**2 - 4*i + 1. Calculate the remainder when g(-3) is divided by 12*(-1 - 15/(-10)).
4
Suppose -3*h - 2*h + 110 = 0. Suppose j - h = -j. Suppose z - j = 10. What is the remainder when 62 is divided by z?
20
Let b(y) = 4*y**3 - 3*y**3 - 6*y + 12*y**2 - 17*y**2 + 5. What is the remainder when b(6) is divided by 3?
2
Suppose 0 = -s + 7 - 0. Suppose 0 = -5*a - s + 172. Let h = -14 + 31. Calculate the remainder when a is divided by h.
16
Let o = -7 + 12. Let p(y) = 16*y + y**2 - 2*y**2 - 8*y - 4. Calculate the remainder when p(o) is divided by 4.
3
Let z = -54 - -24. Let k = -11 - z. Calculate the remainder when k is divided by 10.
9
Let x(a) = 13*a**3 - a**2 + 1. Calculate the remainder when x(1) is divided by 10.
3
Suppose -4*m = -m + 3*p - 63, 42 = 2*m + 4*p. Suppose -t = -0*t - m. Let c = t + -8. What is the remainder when 51 is divided by c?
12
Let k(z) = z + 6. Let d = 5 - -19. What is the remainder when d is divided by k(7)?
11
Suppose -3*j = -2*g - 16, j + 0 - 2 = -g. Suppose -15 = j*d - 55. Suppose -5*w = -w + 2*t - 72, 0 = 5*t. Calculate the remainder when w is divided by d.
8
Let m = -16 + 38. Suppose -5*q - m = -62. Calculate the remainder when q is divided by 5.
3
Let q(m) = m + 6. What is the remainder when 95 is divided by q(8)?
11
Calculate the remainder when 4 is divided by 0 + (-3 + 3 - -3).
1
Let u(w) = -4*w - 27. Calculate the remainder when 61 is divided by u(-15).
28
Suppose -5*b + 274 = 94. Suppose -24 = -2*q + 3*q. Let y = q + b. What is the remainder when 34 is divided by y?
10
Let p(d) = d**2 - 4*d - 2. Let f be p(5). Let n(g) = 3*g - 6*g**2 - g**2 + 3*g**2 + g**3 + 1. Calculate the remainder when 1 is divided by n(f).
0
Let s(v) = -v**2 + 4. Let p(r) = -6*r. Calculate the remainder when p(-1) is divided by s(0).
2
Suppose -1010 = -6*w + 226. Calculate the remainder when w is divided by 16.
14
Let b = 107 - 79. Calculate the remainder when b is divided by 15.
13
Let n = -9 + 3. Calculate the remainder when ((-3)/n)/(2/168) is divided by 11.
9
Let a = -16 + 48. Calculate the remainder when a is divided by 125/20 - -5 - 1/4.
10
Suppose -4*i = -a + 41, 2*a = -a - i + 84. What is the remainder when 57 is divided by a?
28
Let v = 0 + 0. Let s(g) = v*g**3 + 5*g**3 + 3 - 3*g**2 - 4*g**3 + 0*g**2. Calculate the remainder when 6 is divided by s(3).
0
Suppose -1 = 2*b - 5. Suppose b = 5*j - 13. Suppose -j*z = -3*r - 114, 5*r = z - 0*z - 30. What is the remainder when z is divided by 14?
12
Suppose 0 = -5*g + 3*u + 124, -4*u - 8 = -2*g + 36. Suppose 4*t - 2*t = 2, -2*b - 4*t + g = 0. Calculate the remainder when 41 is divided by b.
8
Let k(h) = 8*h**2 + 0*h**2 - 5 - 23*h + 19*h. Calculate the remainder when k(4) is divided by 27.
26
Suppose 13*d = 3*d + 230. What is t